of -r**5/120 + 3*r**4/8 - r**3/3 - 3*r**2. Let k(b) be the first derivative of o(b). Let y = 27 - 23. Calculate k(y).
5
Let v(c) = -c**2 + c - 1. Suppose -2*x - x = 3. Let r(g) = 7*g**2 - g + 9. Let u(q) = x*r(q) - 6*v(q). Suppose o = 2*o + 3. Determine u(o).
3
Let u(n) = -20*n**3 - 4*n**2 + 21*n**3 + 124 - 2*n - 135. What is u(5)?
4
Let m(q) be the third derivative of q**4/12 + 4*q**3/3 - q**2 - 4*q. Give m(-4).
0
Let t(h) = 60*h + 180. Let f be t(-3). Let n(x) = x + 10. Give n(f).
10
Let y(l) = -9*l. Let q be y(1). Let p be 12/q + 3/9. Let m(x) = 7*x**2 + 2*x + 1. Determine m(p).
6
Let g(z) = -z**3 + 4*z**2 + 5*z + 1. Let c be (-130)/(-13)*(-1)/(-2). Suppose 0 = c*w + 5*m - 6 - 29, -5*m + 30 = 4*w. Determine g(w).
1
Let x(w) = w + 8. Suppose 0 = 3*g - 15, 0 = -5*h - g + 41 + 44. Suppose i = 5*i - h. Suppose -2*b + i*d - 32 = 0, 5*d + 2 = -2*b + 15. Give x(b).
2
Let z(b) = -b**2. Let d(l) = -2*l**2 + 6*l + 6. Let q(w) = -d(w) + 3*z(w). Give q(-8).
-22
Let i(d) = d**2 - d - 1. Suppose 14*j + 28 + 0 = 0. Calculate i(j).
5
Let f(q) = q**2 - 5*q - 3. Let k = -25 - -27. Let t(p) = -5*p**2 + 20*p + 12. Let a(b) = k*t(b) + 9*f(b). What is a(-5)?
-3
Let v(n) = n**3 - 5*n**2 - 7*n + 11. Suppose 0*g + 120 = 20*g. Determine v(g).
5
Let k be (0 - -1)*3 + 1. Let h(y) = -6*y + 0*y - k*y + 3*y. Determine h(-1).
7
Let m(a) be the third derivative of -a**6/120 - a**5/15 + 7*a**4/24 - 5*a**3/6 + 40*a**2. What is m(-6)?
25
Let t(v) be the second derivative of -v**3/6 - 299*v. Let j(i) = i**2 - 3*i + 3. Let n be j(2). Give t(n).
-1
Let a(m) be the third derivative of m**6/360 - m**5/30 - m**4/4 - 5*m**3/3 - 5*m**2. Let s(n) be the first derivative of a(n). Give s(5).
-1
Suppose 3*p = -5*g - 8, 2*p - 3*g - 2 = -1. Let q(r) = r**3 + r**2. Let c(t) = 6*t**3 + 5*t**2 + t. Let u = 29 + -34. Let f(v) = u*q(v) + c(v). Determine f(p).
-2
Let t(x) = x**2 - 6*x - 9. Suppose -6*k - 15 = -3*k, k = 3*f - 26. What is t(f)?
-2
Let u = 1 - 0. Let p(v) = 4091 - 14*v - 4091. Calculate p(u).
-14
Let n(u) be the third derivative of u**5/15 + 17*u**4/24 + 5*u**3/2 + 14*u**2. Let f(t) = 2*t**2 + 8*t + 7. Let k(l) = 13*f(l) - 6*n(l). What is k(-1)?
1
Let j be 81048/144 + (-1)/6*-1. Let p(l) = 0 + 561*l - 1 - j*l. Determine p(-4).
7
Let s(h) = -h + 24. Let n = -380 + 380. Give s(n).
24
Suppose 3*a - 33 = -6. Suppose 0 = 5*h - 8*h + a. Let q(d) = -1 - 2*d + 1 + h*d + 3. What is q(0)?
3
Let m = 16637 + -16634. Let l(r) = 1. Let d(g) = g**3 - 2*g**2 - 2*g - 7. Let c(w) = -d(w) - 4*l(w). Give c(m).
0
Let o be (3 + -2)/(2/4). Let v(s) = -2*s - 9 + 0 + 4 - 6*s - s**o. What is v(-6)?
7
Let v(t) = t**2 - 3*t - 11. Let s be v(-8). Suppose -5*k - 6*k = -s. Let m(b) = b**2 - 7*b + 10. Give m(k).
10
Let w(u) = -49*u - 17 + 25*u + 23*u. Calculate w(-10).
-7
Let m(q) = -q**2 - 3. Let p = 19 - 5. Let x = p - 12. Suppose 3*o = 2*l + 6, -3*l + 4 = x*l + 2*o. Calculate m(l).
-3
Let f(q) be the first derivative of -1/2*q**2 + 4 + q - 8/3*q**3. What is f(1)?
-8
Suppose 0 = 5*d + 5, -2*l + 5*d = 2*l - 13. Let k = l - 1. Let w(v) be the third derivative of -3*v**5/20 - v**3/6 - 23*v**2. Determine w(k).
-10
Let y be -9 + 11/(99/72). Let f(p) = -3*p + 3. Determine f(y).
6
Let k(c) = 2*c**2 - c - 2. Let r = -178 + 176. Give k(r).
8
Let v(d) = -d**2 - 1. Let z(u) = 4*u**2 + 3*u - 6. Let f(h) = -3*v(h) - z(h). Give f(-7).
-19
Let n(i) = i**2 - i - 5. Suppose -20 = 5*g, 4*v + g = -0*g + 28. Suppose v*t = -t. Give n(t).
-5
Let z(f) be the second derivative of -7*f**4/12 + f**2/2 + 3*f. Suppose -2*i + 1 = -4*a - 1, 0 = a + 3*i + 4. Calculate z(a).
-6
Let r(o) = -o - 19. Suppose s = 2*s + 4*n + 1, 2*n - 40 = 4*s. Calculate r(s).
-10
Suppose 3*n - 18 = 5*p, -n + 0*p - 2*p + 6 = 0. Let d(y) = -4*y**3 + n + y - 2 - 3. Let c(b) = -b - 4. Let u be c(-3). What is d(u)?
4
Let n(r) = -3 + r**2 + 8*r - 1 - 8*r + 3*r + 3*r. Determine n(-4).
-12
Let p(s) = -5*s**2 + s. Let u(y) = 5*y**2 + 4*y - 5. Let t be u(2). Suppose 25*f - t*f = 2. What is p(f)?
-4
Let u(c) = 4*c**3 + 3*c**2 - 2*c - 2. Let d be u(1). Let s(n) be the second derivative of -1/12*n**4 + 0 - 5*n + 0*n**2 + 5/6*n**d. What is s(5)?
0
Let f(n) be the first derivative of -n**5/20 - n**4/4 - n**3/3 - n**2 + 12*n + 18. Let w(l) be the first derivative of f(l). Determine w(-2).
-2
Let v(b) = b**2 + 12*b - 10. Let g be v(-11). Let q = -35 - g. Let o = q + 7. Let i(y) = y + 5. Determine i(o).
-2
Let m(x) = 8*x**2 - 2*x + 4. Let o = -20 + 19. Let n(i) = i**2 + 1. Let a(q) = o*m(q) + 5*n(q). Determine a(2).
-7
Let y(i) = -i + 4. Let o = 11 + -8. Let t be y(o). Let s(r) = -r + 1. Let x(m) = -7*m + 8. Let l(b) = t*x(b) - 6*s(b). What is l(-5)?
7
Let s(w) = -w**3 - 8*w**2 - 7*w + 3. Let x be s(-7). Suppose 2 - 14 = x*g. Let i(u) be the first derivative of -u**3/3 - 3*u**2 - 2*u - 2. Calculate i(g).
6
Let j(h) = 4*h**3 + 11*h**2 - 4*h - 12. Let t(g) = 7*g**3 + 22*g**2 - 7*g - 24. Let n(b) = -5*j(b) + 3*t(b). Determine n(-11).
-1
Suppose -10*f = -12*f + 14. Suppose 0 = -3*r + 4*w - 25, 0 = -f*w + 2*w + 20. Let j(i) = 2 + i + 0*i**2 + 2 - i**2. What is j(r)?
-8
Let f(q) = 28*q + q**3 - 2*q**3 - 2 + 31*q - 4*q**2 - 63*q. Let w(h) = h**3 - 2*h**2 - 3*h + 3. Let a be w(2). Give f(a).
1
Let b(w) = 6*w**3 + 6*w**2 - 2*w + 9. Let n(s) = 5*s**3 + 6*s**2 - 2*s + 8. Let a(c) = -4*b(c) + 5*n(c). Suppose -942*v + 6 = -943*v. Calculate a(v).
16
Let c(g) = g**3 - 15*g**2 + 51*g - 11. Let f be c(10). Let v(x) = -x. Let m(k) = k**2 - 1 - 2 + 2*k**3 + 4 + 6*k. Let h(z) = m(z) + 4*v(z). Determine h(f).
-2
Let w = -7 + 12. Suppose 4*a - 5*t + 12 = 0, -2*t - 2 = -w*a - 0*t. Suppose 5*q - a*q = -2*n, -5*n = -2*q + 19. Let r(f) = f**3 + f. What is r(q)?
10
Suppose 0 = 8*l - 21*l + 78. Suppose 0 = 4*z + 4*q - 12, 3*z + 2*q - l = 2. Let c(k) = -k**2 + 2*k + 1. Give c(z).
1
Let w(r) = -11*r**2 - 3*r - 24. Let i(c) = 5*c**2 + 2*c + 14. Let b(u) = 7*i(u) + 4*w(u). Determine b(-1).
-9
Let l(x) = 2*x**2 + 71*x - 106. Let r be l(-37). Let h(g) be the second derivative of g**3/6 - 3*g**2 + 2*g. Determine h(r).
-1
Let x(z) = 2*z**3 + z**2 - 7*z - 2. Let f be 4/(-14) - (-37)/7. Let y(h) = h**3 - 4*h - 1. Let p(o) = f*y(o) - 3*x(o). Let i be 2/((-4)/6)*1. What is p(i)?
-2
Let b(v) be the first derivative of -5 - 4*v + 2/3*v**4 + 0*v**3 - 1/2*v**2. Let c(n) be the first derivative of b(n). What is c(-1)?
7
Suppose 845*n - 40 = 837*n. Let a(t) = -1 + 4*t - 6*t + 4*t. Calculate a(n).
9
Let i(m) = 7*m - 4. Let d(k) = 20*k - 9*k - 1 - 7*k - 1. Suppose -5*h + 0*h = 25. Let x(a) = h*d(a) + 3*i(a). Determine x(4).
2
Let q(x) be the third derivative of x**6/240 - x**5/60 + 5*x**4/12 - 4*x**2. Let a(o) be the second derivative of q(o). Give a(6).
16
Let b(v) be the second derivative of -v**3 + 3*v**2 - 5*v. Suppose 52*t = 47*t + 20. Determine b(t).
-18
Let b(g) be the second derivative of g**5/20 + g**4/3 - g**3 - 9*g**2/2 + 33*g. Let o be b(-5). Let z(m) = -m - 1. Give z(o).
3
Let v(c) = c + 8. Let w(k) = -k**3 - k**2 + k + 1. Suppose -g + 5*a + 8 = 0, 3*g + 2*a - a = -8. Let s be w(g). Suppose 8*b - s*b + 25 = 0. Calculate v(b).
3
Let d(c) be the first derivative of -c**3/3 + 5*c**2 + c - 11. Let n be d(9). Let p(r) = 0*r - 3*r**2 - 9 + n + 2*r**2 - r. Calculate p(1).
-1
Let q(w) be the third derivative of -w**5/60 + w**4/6 + 10*w**2 - 12. Determine q(4).
0
Let u(v) = -15*v - 4. Let x(z) = 90*z + 182. Let o be x(-2). Calculate u(o).
-34
Let f(w) = -w**3 + 11*w**2 - 21*w - 19. Let s be f(8). Let l(r) = r**2. Let z(o) = 6*o**2 + 0 - 7*o + 3*o + 4. Let t(c) = -5*l(c) + z(c). Calculate t(s).
9
Let u(k) = -k**2 + 3*k + 1. Suppose -6 = 5*n - 1. Let x be (-6)/(-1) - (2 + n). Calculate u(x).
-9
Let c(y) = -6*y**2 - 15*y + 48. Let w(o) = 5*o**2 + 13*o - 47. Let z(r) = -6*c(r) - 7*w(r). Determine z(0).
41
Let m(o) = -o**3 - 4*o**2 + 7*o - 1. Let f = -37 + 40. Suppose 2 = -2*j + j + a, -5*a = -f*j. Determine m(j).
-11
Let w(l) = -3*l - 1736 + 1737 + 3*l**2 - 2*l**2. What is w(3)?
1
Suppose 22*y + 27 = 27. Let v(w) = -w**2 + 2*w - w - 1 + w**3 + 3. Calculate v(y).
2
Let j = -38 - -56. Suppose -4*d = -d - j. Let b(m) = m**3 + 11059*m + 9 - 22134*m - 5*m**2 + 11067*m. Calculate b(d).
-3
Let w(h) = -h**2 + 6*h + 30. Let f be 41/4 + -1 - (-2)/(-8). Let q be w(f). Let p(s) = -2*s**3 + 3*s**2 + 4*s. Determine p(q).
-15
Let n(l) = 